s 3884820857 a prime number?
True
Is 5150715631 a prime number?
False
Is 15506026967 a prime number?
False
Is 1577600461 prime?
True
Is 66763993929 prime?
False
Is 2369452441 prime?
True
Is 2818642577 a prime number?
False
Is 6223747183 composite?
True
Is 4030622777 a prime number?
True
Is 31486166 a composite number?
True
Is 8123028139 composite?
True
Is 11802323777 a composite number?
True
Is 83181944829 a prime number?
False
Is 46741741 a composite number?
False
Is 9567977501 composite?
False
Is 10694513143 a prime number?
False
Is 992368747 a composite number?
False
Is 159080771 composite?
False
Is 24887724109 a composite number?
False
Is 951085342 prime?
False
Is 400027 prime?
False
Is 952961389 prime?
True
Is 1855810909 composite?
True
Is 7002028283 prime?
True
Is 4236634762 a composite number?
True
Is 7658149649 a prime number?
True
Is 25628702467 a composite number?
False
Is 69162466 prime?
False
Is 193279524937 prime?
True
Is 28182942691 composite?
False
Is 877707403 a composite number?
True
Is 16244510117 prime?
False
Is 10212372883 prime?
True
Is 7220972893 prime?
True
Is 13078884921 composite?
True
Is 43664182213 a composite number?
True
Is 137019887309 prime?
False
Is 5809455341 a composite number?
False
Is 26578136509 composite?
False
Is 285747031 a composite number?
True
Is 66671601247 a prime number?
True
Is 1587383 composite?
True
Is 2018262385 a composite number?
True
Is 96509701 a composite number?
False
Is 481082671 prime?
False
Is 3624785117 a composite number?
True
Is 9130688617 a prime number?
True
Is 30076378933 prime?
False
Is 9088402471 a composite number?
True
Is 9923928547 a prime number?
False
Is 318687799 a prime number?
True
Is 4491783623 a prime number?
False
Is 20291807561 composite?
False
Is 16623034562 a composite number?
True
Is 9843998779 composite?
True
Is 2370567581 composite?
True
Is 3336753887 a prime number?
False
Is 3072727897 prime?
False
Is 33544353749 a composite number?
True
Is 49601744761 a composite number?
False
Is 41720780617 a prime number?
False
Is 71245261 composite?
True
Is 331428121 a composite number?
False
Is 35950018969 prime?
False
Is 5015067107 composite?
False
Is 3043812911 composite?
False
Is 296018311 a composite number?
False
Is 1161295253 prime?
False
Is 1168928927 a composite number?
False
Is 20127445591 prime?
False
Is 629829965 prime?
False
Is 214371149 a composite number?
False
Is 2299142143 a prime number?
True
Is 9855618737 composite?
False
Is 10885175957 a prime number?
False
Is 6893107381 prime?
True
Is 6740344403 a composite number?
True
Is 31180344101 a prime number?
True
Is 562741903 a prime number?
False
Is 936125807 composite?
False
Is 5436193817 a composite number?
False
Is 3335954863 a prime number?
False
Is 2807738579 prime?
True
Is 17868348749 prime?
True
Is 391084703 prime?
True
Is 1786337401 a prime number?
True
Is 96760613 a composite number?
True
Is 4262563681 prime?
False
Is 32922100283 a composite number?
False
Is 802801411 prime?
True
Is 108854652703 a composite number?
True
Is 1273896583 a composite number?
False
Is 13868535017 composite?
False
Is 2425752193 composite?
True
Is 86472428881 a composite number?
True
Is 3011965147 a prime number?
False
Is 1912496177 prime?
True
Is 1727784607 composite?
False
Is 8715924839 composite?
False
Is 11294993629 a prime number?
True
Is 63537748559 prime?
False
Is 5083191181 a composite number?
False
Is 42422474359 a composite number?
False
Is 6171270565 prime?
False
Is 28580819 a prime number?
True
Is 123521323 prime?
False
Is 10489925957 composite?
True
Is 6978013583 composite?
True
Is 10588270111 a composite number?
True
Is 1748306161 a prime number?
False
Is 3133611847 a prime number?
True
Is 63858581 composite?
False
Is 26998528901 composite?
False
Is 760667183 prime?
False
Is 11945001143 a prime number?
False
Is 7555488907 a composite number?
True
Is 3151438831 a composite number?
False
Is 34611136057 a prime number?
True
Is 178824209 composite?
True
Is 31020971803 a composite number?
True
Is 80801807 a composite number?
True
Is 629369537 prime?
False
Is 642784521 a prime number?
False
Is 2199135427 a prime number?
True
Is 4299806611 prime?
True
Is 27567875783 a composite number?
True
Is 3922035239 a prime number?
True
Is 11557738921 prime?
False
Is 2369847611 composite?
True
Is 3974967959 composite?
True
Is 12109616399 prime?
True
Is 1189848626 prime?
False
Is 1493670355 composite?
True
Is 9927629797 a composite number?
False
Is 32074279 composite?
False
Is 2695834367 a prime number?
True
Is 1818071681 a prime number?
False
Is 794627857 a composite number?
False
Is 135580079941 prime?
True
Is 1072209587 a prime number?
False
Is 1622783237 composite?
False
Is 78786247 composite?
True
Is 10960782737 a composite number?
False
Is 3396936055 a composite number?
True
Is 4789046233 composite?
True
Is 9290431537 a composite number?
False
Is 8099844629 prime?
True
Is 443638537 a prime number?
True
Is 32495780539 composite?
False
Is 49674426931 prime?
True
Is 24487534283 prime?
True
Is 315447479 a composite number?
False
Is 26883121651 composite?
False
Is 69262339721 prime?
True
Is 42374447 a prime number?
False
Is 987822499 a prime number?
True
Is 23354237 a prime number?
True
Is 16520363059 a composite number?
True
Is 2364470341 a prime number?
True
Is 516799927 a prime number?
False
Is 1730605231 a composite number?
False
Is 5079231923 a composite number?
True
Is 10630349759 prime?
True
Is 82133699 a composite number?
False
Is 4145538167 prime?
False
Is 72654901169 a composite number?
False
Is 1211017319 composite?
False
Is 1783480711 a prime number?
False
Is 1487420059 prime?
True
Is 76895016629 a composite number?
False
Is 16240401851 prime?
True
Is 236395333 prime?
False
Is 91350336053 composite?
True
Is 16404312643 prime?
False
Is 45953026151 a composite number?
True
Is 2281135867 a composite number?
False
Is 113295250813 composite?
True
Is 1666420622 composite?
True
Is 8655529823 a composite number?
True
Is 84538057 composite?
False
Is 19258658417 a composite number?
True
Is 1042868779 a prime number?
False
Is 2247136163 prime?
False
Is 5606104799 a prime number?
True
Is 10727117339 composite?
False
Is 3895110697 a prime number?
False
Is 19420427849 prime?
False
Is 9440679263 prime?
False
Is 40546451237 composite?
False
Is 9002485081 prime?
True
Is 82714594705 composite?
True
Is 32157454117 a prime number?
False
Is 2434249887 a composite number?
True
Is 26633179 composite?
False
Is 3229615055 prime?
False
Is 6775646509 composite?
True
Is 11890470511 composite?
False
Is 371873107 prime?
True
Is 26349591887 a composite number?
False
Is 665695907 a composite number?
False
Is 139446653537 composite?
False
Is 156006449 composite?
True
Is 4143915947 a prime number?
True
Is 19510992619 composite?
True
Is 10893837809 a composite number?
True
Is 21541385669 prime?
True
Is 6893079629 a prime number?
False
Is 73286981 a prime number?
False
Is 180481752355 a composite number?
True
Is 770385797 a prime number?
True
Is 2442948943 composite?
True
Is 1871474779 a composite number?
False
Is 2635130891 prime?
True
Is 806483459 composite?
False
Is 365129363 prime?
True
Is 1521449821 composite?
False
Is 3551933899 composite?
False
Is 76514593 a prime number?
True
Is 28667712559 a prime number?
True
Is 29020841431 prime?
True
Is 725372159 prime?
True
Is 1998714407 a prime number?
False
Is 9092334239 composite?
True
Is 8524541 composite?
True
Is 5834653277 a prime number?
True
Is 9404507351 prime?
False
Is 3664494893 composite?
True
Is 46879648681 prime?
False
Is 965555081 prime?
True
Is 32059103711 a composite number?
False
Is 241854040579 a prime number?
False
Is 14439224977 a composite number?
True
Is 5262183193 prime?
False
Is 18778444271 a prime number?
True
Is 168824195339 a prime number?
False
Is 72241285153 a prime number?
True
Is 929553343 a composite number?
False
Is 242527619 prime?
True
Is 728752415 prime?
False
Is 66429449 composite?
True
Is 836642101 a prime number?
True
Is 286249811 a prime number?
True
Is 1816791073 composite?
True
Is 35928395809 composite?
True
Is 162919151 prime?
False
Is 258512726 a prime number?
False
Is 208508381 a prime number?
True
Is 1820835827 prime?
True
Is 423879061 composite?
False
Is 